{"id":110,"date":"2013-11-11T23:47:37","date_gmt":"2013-11-11T23:47:37","guid":{"rendered":"http:\/\/cause.ch\/lab\/?page_id=110"},"modified":"2014-06-12T15:46:29","modified_gmt":"2014-06-12T13:46:29","slug":"identite","status":"publish","type":"page","link":"https:\/\/cause.ch\/lab\/informations\/identite\/","title":{"rendered":"Identit\u00e9"},"content":{"rendered":"<p class=\"arx_2_pages center_content arx_pad_1\">\nLes membres de Cause s\u2019identifient au titre d\u2019<i>agents<\/i> au vu de l\u2019importance qu\u2019ils accordent au d\u00e9ploiement de leur potentiel actif &#8211; <i>leur esprit d&#8217;entreprise<\/i> &#8211; et pour symboliser l\u2019apport d\u2019une prise de conscience d\u00e9cisive.\n<\/p>\n<p class=\"arx_2_pages center_content arx_pad_1\">\nCette conscience consid\u00e8re que toute personne a le pouvoir de faire la diff\u00e9rence, d\u2019influencer le cours de la r\u00e9alit\u00e9 par un choix libre et responsable d\u2019actions \u00e0 entreprendre. Elle lui indique une prise solide sur le monde et par cons\u00e9quent la perspective de donner un sens \u00e0 sa vie.\n<\/p>\n<p class=\"arx_2_pages center_content arx_pad_1\">\nUne forte <i>volont\u00e9 d\u2019agir<\/i> prend de l\u00e0 sa racine: les agents de Cause se sentent pleinement investis du d\u00e9fi de concr\u00e9tiser quelque chose de valorisant avec les qualit\u00e9s qu\u2019ils ont acquises.\n<\/p>\n<p class=\"arx_2_pages center_content arx_pad_1\">\nIls en sont par ailleurs anim\u00e9s d\u2019une fervente <i>volont\u00e9 de r\u00e9agir<\/i>: en r\u00e9ponse \u00e0 une demande, ou \u00e0 certains imp\u00e9ratifs de ce monde, chacun se d\u00e9voue \u00e0 partager son ing\u00e9niosit\u00e9, \u00e0 contribuer de sa cr\u00e9ativit\u00e9 \u00e0 l\u2019actualit\u00e9 des milieux qui l\u2019interpellent.\n<\/p>\n<p class=\"arx_2_pages center_content arx_pad_1\">\nMalgr\u00e9 la pluralit\u00e9 des comp\u00e9tences qui les distinguent, les agents de Cause se reconnaissent donc tous \u00e0 la source d\u2019un \u00e9tat d\u2019esprit unanime.\n<\/p>\n<p class=\"arx_2_pages center_content arx_pad_2\">\nUne telle vision collective les relie tr\u00e8s naturellement d\u2019une \u00e9vidente <i>volont\u00e9 d\u2019interagir<\/i>: que ce soit entre eux ou avec d\u2019autres, ils s\u2019\u00e9panouissent \u00e0 cultiver les avantages de la collaboration et \u00e0 vanter la richesse des exp\u00e9riences humaines qui s\u2019ensuivent.\n<\/p>\n<div class=\"center_text arx_pad_2\">\n<a href=\"http:\/\/cause.ch\/lab\/wp-content\/uploads\/2014\/01\/icon.jpg\"><img loading=\"lazy\" decoding=\"async\" src=\"http:\/\/cause.ch\/lab\/wp-content\/uploads\/2014\/01\/icon.jpg\" alt=\"icon\" width=\"36\" height=\"50\" class=\"alignnone size-full wp-image-431\" \/><\/a>\n<\/div>\n<p class=\"arx_2_pages center_content arx_pad_1\">\nMembers of Cause call themselves <i>agents<\/i>. The title reflects how much the unraveling of their active potential &#8211; <i>or entrepreneurship<\/i> &#8211; is important to them. It also symbolizes a decisive breakthrough in consciousness:\n<\/p>\n<p class=\"arx_2_pages center_content arx_pad_1\">\nTheir vision is to consider that everyone and anyone has the power to make a difference, to influence the course of reality through the free choices he or she responsibly takes. This thought is the key to a firm grip on reality, and therefore the perspective of giving a meaning to life.\n<\/p>\n<p class=\"arx_2_pages center_content arx_pad_1\">\nTheir beliefs are the roots of a strong <i>will to act<\/i>:  Cause agents are fully inspired by the challenge of accomplishing meaningful deeds with the skills they&#8217;ve acquired.\n<\/p>\n<p class=\"arx_2_pages center_content arx_pad_1\">\nWhat&#8217;s more, they are driven by a compelling <i>will to react<\/i>: in respond to certain demands and needs of our world, each agent is devoted to sharing his ingeniousness and to contributing his creativity to the fields that call out to him.\n<\/p>\n<p class=\"arx_2_pages center_content arx_pad_1\">\nHowever plural the qualities that differentiate them, they are all originally connected by a unanimous state of mind.\n<\/p>\n<p class=\"arx_2_pages center_content arx_pad_2\">\nSuch a collective eyesight inspires a quite natural <i>will to interact<\/i>: among themselves and with many others, they rejoice in pursuing the benefits of collaboration and praising the wealth of human experiences ensue.<\/p>\n","protected":false},"excerpt":{"rendered":"<p>Les membres de Cause s\u2019identifient au titre d\u2019agents au vu de l\u2019importance qu\u2019ils accordent au d\u00e9ploiement de leur potentiel actif &#8211; leur esprit d&#8217;entreprise &#8211; et pour symboliser l\u2019apport d\u2019une prise de conscience d\u00e9cisive. Cette conscience consid\u00e8re que toute personne a le pouvoir de faire la diff\u00e9rence, d\u2019influencer le cours de la r\u00e9alit\u00e9 par un [&hellip;]<\/p>\n","protected":false},"author":2,"featured_media":0,"parent":100,"menu_order":0,"comment_status":"open","ping_status":"open","template":"about.php","meta":{"footnotes":""},"class_list":["post-110","page","type-page","status-publish","hentry"],"_links":{"self":[{"href":"https:\/\/cause.ch\/lab\/wp-json\/wp\/v2\/pages\/110","targetHints":{"allow":["GET"]}}],"collection":[{"href":"https:\/\/cause.ch\/lab\/wp-json\/wp\/v2\/pages"}],"about":[{"href":"https:\/\/cause.ch\/lab\/wp-json\/wp\/v2\/types\/page"}],"author":[{"embeddable":true,"href":"https:\/\/cause.ch\/lab\/wp-json\/wp\/v2\/users\/2"}],"replies":[{"embeddable":true,"href":"https:\/\/cause.ch\/lab\/wp-json\/wp\/v2\/comments?post=110"}],"version-history":[{"count":22,"href":"https:\/\/cause.ch\/lab\/wp-json\/wp\/v2\/pages\/110\/revisions"}],"predecessor-version":[{"id":651,"href":"https:\/\/cause.ch\/lab\/wp-json\/wp\/v2\/pages\/110\/revisions\/651"}],"up":[{"embeddable":true,"href":"https:\/\/cause.ch\/lab\/wp-json\/wp\/v2\/pages\/100"}],"wp:attachment":[{"href":"https:\/\/cause.ch\/lab\/wp-json\/wp\/v2\/media?parent=110"}],"curies":[{"name":"wp","href":"https:\/\/api.w.org\/{rel}","templated":true}]}}

Identité

<p class="arx_2_pages center_content arx_pad_1">
Les membres de Cause s’identifient au titre d’<i>agents</i> au vu de l’importance qu’ils accordent au déploiement de leur potentiel actif &#8211; <i>leur esprit d&#8217;entreprise</i> &#8211; et pour symboliser l’apport d’une prise de conscience décisive.
</p>
<p class="arx_2_pages center_content arx_pad_1">
Cette conscience considère que toute personne a le pouvoir de faire la différence, d’influencer le cours de la réalité par un choix libre et responsable d’actions à entreprendre. Elle lui indique une prise solide sur le monde et par conséquent la perspective de donner un sens à sa vie.
</p>
<p class="arx_2_pages center_content arx_pad_1">
Une forte <i>volonté d’agir</i> prend de là sa racine: les agents de Cause se sentent pleinement investis du défi de concrétiser quelque chose de valorisant avec les qualités qu’ils ont acquises.
</p>
<p class="arx_2_pages center_content arx_pad_1">
Ils en sont par ailleurs animés d’une fervente <i>volonté de réagir</i>: en réponse à une demande, ou à certains impératifs de ce monde, chacun se dévoue à partager son ingéniosité, à contribuer de sa créativité à l’actualité des milieux qui l’interpellent.
</p>
<p class="arx_2_pages center_content arx_pad_1">
Malgré la pluralité des compétences qui les distinguent, les agents de Cause se reconnaissent donc tous à la source d’un état d’esprit unanime.
</p>
<p class="arx_2_pages center_content arx_pad_2">
Une telle vision collective les relie très naturellement d’une évidente <i>volonté d’interagir</i>: que ce soit entre eux ou avec d’autres, ils s’épanouissent à cultiver les avantages de la collaboration et à vanter la richesse des expériences humaines qui s’ensuivent.
</p>
<div class="center_text arx_pad_2">
<a href="http://cause.ch/lab/wp-content/uploads/2014/01/icon.jpg"><img loading="lazy" decoding="async" src="http://cause.ch/lab/wp-content/uploads/2014/01/icon.jpg" alt="icon" width="36" height="50" class="alignnone size-full wp-image-431" /></a>
</div>
<p class="arx_2_pages center_content arx_pad_1">
Members of Cause call themselves <i>agents</i>. The title reflects how much the unraveling of their active potential &#8211; <i>or entrepreneurship</i> &#8211; is important to them. It also symbolizes a decisive breakthrough in consciousness:
</p>
<p class="arx_2_pages center_content arx_pad_1">
Their vision is to consider that everyone and anyone has the power to make a difference, to influence the course of reality through the free choices he or she responsibly takes. This thought is the key to a firm grip on reality, and therefore the perspective of giving a meaning to life.
</p>
<p class="arx_2_pages center_content arx_pad_1">
Their beliefs are the roots of a strong <i>will to act</i>:  Cause agents are fully inspired by the challenge of accomplishing meaningful deeds with the skills they&#8217;ve acquired.
</p>
<p class="arx_2_pages center_content arx_pad_1">
What&#8217;s more, they are driven by a compelling <i>will to react</i>: in respond to certain demands and needs of our world, each agent is devoted to sharing his ingeniousness and to contributing his creativity to the fields that call out to him.
</p>
<p class="arx_2_pages center_content arx_pad_1">
However plural the qualities that differentiate them, they are all originally connected by a unanimous state of mind.
</p>
<p class="arx_2_pages center_content arx_pad_2">
Such a collective eyesight inspires a quite natural <i>will to interact</i>: among themselves and with many others, they rejoice in pursuing the benefits of collaboration and praising the wealth of human experiences ensue.</p>

<p>Les membres de Cause s’identifient au titre d’agents au vu de l’importance qu’ils accordent au déploiement de leur potentiel actif &#8211; leur esprit d&#8217;entreprise &#8211; et pour symboliser l’apport d’une prise de conscience décisive. Cette conscience considère que toute personne a le pouvoir de faire la différence, d’influencer le cours de la réalité par un [&hellip;]</p>
