{"id":92,"date":"2013-11-02T19:46:40","date_gmt":"2013-11-02T19:46:40","guid":{"rendered":"http:\/\/cause.ch\/lab\/?page_id=92"},"modified":"2018-08-13T12:47:41","modified_gmt":"2018-08-13T10:47:41","slug":"origines","status":"publish","type":"page","link":"https:\/\/cause.ch\/lab\/informations\/origines\/","title":{"rendered":"Origines"},"content":{"rendered":"<p class=\"arx_2_pages center_content arx_pad_1\">\nLa fondation du collectif remonte \u00e0 des origines particuli\u00e8rement marquantes:\n<\/p>\n<p class=\"arx_2_pages center_content arx_pad_1\">\nCe sont, avant tout, les liens d&#8217;amiti\u00e9 entre de jeunes suisse-romands dynamiques d&#8217;une m\u00eame g\u00e9n\u00e9ration, soud\u00e9s par une intense joie de vivre autour de nombreuses passions: les voyages, les d\u00e9couvertes, les activit\u00e9s sportives, les f\u00eates, l&#8217;organisation d&#8217;\u00e9v\u00e8nements, les collaborations artistiques, l&#8217;entrepreneuriat, et toutes autres formes d&#8217;engagement au nom de leur esprit positif.\n<\/p>\n<p class=\"arx_2_pages center_content arx_pad_1\">\nCette amiti\u00e9 se cristallise d\u00e8s 2002 en une association informelle nomm\u00e9e <a href=\"http:\/\/thegcc02.wordpress.com\/\">GCC-02<\/a>, d&#8217;apr\u00e8s un sentiment implicitement partag\u00e9 d&#8217;appartenance \u00e0 une identit\u00e9 commune. Parall\u00e8lement, en 2010, est cr\u00e9\u00e9 <a href=\"http:\/\/consortium.ara.ink\">le Consortium<\/a>, une confr\u00e9rie de graphistes et d&#8217;artistes unis par la volont\u00e9 d&#8217;agir et de partager des voix cr\u00e9atives. Ces diff\u00e9rents contextes donnent lieu \u00e0 de nombreuses collaborations autours de projets culturels amateurs, dont le film-documentaire <a href=\"http:\/\/cause.ch\/lab\/portfolio\/toml\/\">Time of my Life<\/a>, sorti en 2012, et le livre <a href=\"http:\/\/cause.ch\/lab\/portfolio\/manifeste\/\">Manifeste<\/a>, paru en 2013.\n<\/p>\n<p class=\"arx_2_pages center_content arx_pad_1\">\nLe succ\u00e8s de ces productions marque \u00e0 juste titre le d\u00e9clic d&#8217;une ambition professionnelle. Il repr\u00e9sente l&#8217;arriv\u00e9e \u00e0 maturit\u00e9 d&#8217;une vision au m\u00eame temps que la confirmation d&#8217;une pl\u00e9iade de comp\u00e9tences dont la compl\u00e9mentarit\u00e9 s&#8217;est rendue d&#8217;elle m\u00eame \u00e9vidente. Cause voit le jour.<\/p>\n","protected":false},"excerpt":{"rendered":"<p>La fondation du collectif remonte \u00e0 des origines particuli\u00e8rement marquantes: Ce sont, avant tout, les liens d&#8217;amiti\u00e9 entre de jeunes suisse-romands dynamiques d&#8217;une m\u00eame g\u00e9n\u00e9ration, soud\u00e9s par une intense joie de vivre autour de nombreuses passions: les voyages, les d\u00e9couvertes, les activit\u00e9s sportives, les f\u00eates, l&#8217;organisation d&#8217;\u00e9v\u00e8nements, les collaborations artistiques, l&#8217;entrepreneuriat, et toutes autres formes [&hellip;]<\/p>\n","protected":false},"author":2,"featured_media":0,"parent":100,"menu_order":0,"comment_status":"open","ping_status":"open","template":"about.php","meta":{"footnotes":""},"class_list":["post-92","page","type-page","status-publish","hentry"],"_links":{"self":[{"href":"https:\/\/cause.ch\/lab\/wp-json\/wp\/v2\/pages\/92","targetHints":{"allow":["GET"]}}],"collection":[{"href":"https:\/\/cause.ch\/lab\/wp-json\/wp\/v2\/pages"}],"about":[{"href":"https:\/\/cause.ch\/lab\/wp-json\/wp\/v2\/types\/page"}],"author":[{"embeddable":true,"href":"https:\/\/cause.ch\/lab\/wp-json\/wp\/v2\/users\/2"}],"replies":[{"embeddable":true,"href":"https:\/\/cause.ch\/lab\/wp-json\/wp\/v2\/comments?post=92"}],"version-history":[{"count":34,"href":"https:\/\/cause.ch\/lab\/wp-json\/wp\/v2\/pages\/92\/revisions"}],"predecessor-version":[{"id":3669,"href":"https:\/\/cause.ch\/lab\/wp-json\/wp\/v2\/pages\/92\/revisions\/3669"}],"up":[{"embeddable":true,"href":"https:\/\/cause.ch\/lab\/wp-json\/wp\/v2\/pages\/100"}],"wp:attachment":[{"href":"https:\/\/cause.ch\/lab\/wp-json\/wp\/v2\/media?parent=92"}],"curies":[{"name":"wp","href":"https:\/\/api.w.org\/{rel}","templated":true}]}}

<p class="arx_2_pages center_content arx_pad_1">
La fondation du collectif remonte à des origines particulièrement marquantes:
</p>
<p class="arx_2_pages center_content arx_pad_1">
Ce sont, avant tout, les liens d&#8217;amitié entre de jeunes suisse-romands dynamiques d&#8217;une même génération, soudés par une intense joie de vivre autour de nombreuses passions: les voyages, les découvertes, les activités sportives, les fêtes, l&#8217;organisation d&#8217;évènements, les collaborations artistiques, l&#8217;entrepreneuriat, et toutes autres formes d&#8217;engagement au nom de leur esprit positif.
</p>
<p class="arx_2_pages center_content arx_pad_1">
Cette amitié se cristallise dès 2002 en une association informelle nommée <a href="http://thegcc02.wordpress.com/">GCC-02</a>, d&#8217;après un sentiment implicitement partagé d&#8217;appartenance à une identité commune. Parallèlement, en 2010, est créé <a href="http://consortium.ara.ink">le Consortium</a>, une confrérie de graphistes et d&#8217;artistes unis par la volonté d&#8217;agir et de partager des voix créatives. Ces différents contextes donnent lieu à de nombreuses collaborations autours de projets culturels amateurs, dont le film-documentaire <a href="http://cause.ch/lab/portfolio/toml/">Time of my Life</a>, sorti en 2012, et le livre <a href="http://cause.ch/lab/portfolio/manifeste/">Manifeste</a>, paru en 2013.
</p>
<p class="arx_2_pages center_content arx_pad_1">
Le succès de ces productions marque à juste titre le déclic d&#8217;une ambition professionnelle. Il représente l&#8217;arrivée à maturité d&#8217;une vision au même temps que la confirmation d&#8217;une pléiade de compétences dont la complémentarité s&#8217;est rendue d&#8217;elle même évidente. Cause voit le jour.</p>

<p>La fondation du collectif remonte à des origines particulièrement marquantes: Ce sont, avant tout, les liens d&#8217;amitié entre de jeunes suisse-romands dynamiques d&#8217;une même génération, soudés par une intense joie de vivre autour de nombreuses passions: les voyages, les découvertes, les activités sportives, les fêtes, l&#8217;organisation d&#8217;évènements, les collaborations artistiques, l&#8217;entrepreneuriat, et toutes autres formes [&hellip;]</p>
